+ 5. Let k be 7/g + (-12)/30. Calculate x(k).
9
Suppose k + 4 = -3*k. Let p be 2/(-4)*k*4. Let r(v) be the third derivative of -v**6/120 + v**5/60 - v**4/12 + v**3/6 + 48*v**2. Calculate r(p).
-7
Suppose -k + 5*k = 64. Let y(p) = -21*p + 34*p - k*p - 4. Give y(6).
-22
Let m(s) = -3*s**3 + 7*s**2 - 7*s + 47. Let n(f) = -f**3 + 2*f**2 - 2*f + 16. Let t(d) = 2*m(d) - 7*n(d). Calculate t(0).
-18
Let j(s) be the second derivative of s**4/12 - 3*s**3/2 - 27*s**2/2 + 3*s + 4. What is j(11)?
-5
Let v(c) = -c**3 - c**2 - 1. Suppose -5 = 4*t + 3. Let x be v(t). Let a(i) = 19 + 3*i - 47 + i**2 - 4*i + 7 + 18. What is a(x)?
3
Let q(f) = f**2 + 4*f - 9. Let b(y) = -y**3 - 8*y**2 + y + 12. Let m be b(-8). Calculate q(m).
23
Let b(g) be the second derivative of -17*g + 0 + 1/12*g**4 + 7/6*g**3 + 5/2*g**2. Give b(-5).
-5
Let y(i) = -9*i + 2. Let k be 15 + 2 + -2 + 15/(-5). Suppose 15*b = 9*b - k. What is y(b)?
20
Let b(l) = 6*l**2 + 2. Let n(c) = c**2 - c. Let i(p) = -b(p) + 5*n(p). Let x = 4 + -7. Let h be (-1 - x)*(4 - 6). Determine i(h).
2
Suppose 26*h - 24*h = -26. Let a(m) = m + 16. Give a(h).
3
Let q(i) be the third derivative of 11*i**2 - 1/3*i**3 - 1/24*i**4 + 0 + 1/60*i**5 + 0*i. What is q(0)?
-2
Suppose 3*d = -3*y + 8*y + 85, -y - 9 = d. Let i = 11 + y. Let f be 0 - -3*(i + 5). Let z(l) = -l + 5. Give z(f).
-1
Let l = -3 + 5. Let a be 5/(-5)*l/1. Let w be ((-15)/6 - a)*4. Let x(o) = o**3 - o**2 + 2*o + 3. Determine x(w).
-13
Let q(m) be the second derivative of 5/3*m**3 + 0*m**2 + 20*m + 2. Let x be 2/(-9) - (-11)/9. Give q(x).
10
Let l(a) be the second derivative of -5*a**3/3 + a**2 + 576*a. Give l(1).
-8
Let v(z) = -z**2 - 5*z - 2. Let l be v(-4). Let f be 30/9*12/10. Let d(c) = 1 - 10*c - l + f. Calculate d(2).
-17
Suppose 3*h = 35 + 28. Let t be 2/4 + h/(-6). Let n(d) = d**3 + 5*d + 9. Let a(r) = -r**2 + 1. Let i(f) = -6*a(f) + n(f). Give i(t).
15
Let o be 1 + 0 + -5 + 6. Suppose -3*p + 1 = -o. Let v(g) be the third derivative of -g**4/24 + g**3/3 + 2*g**2. What is v(p)?
1
Let i(s) = 3*s**3 - 5*s**2 + 2*s - 1. Let l = -249 + 252. Calculate i(l).
41
Let j(i) be the third derivative of -i**4/12 + i**3/2 - 209*i**2. Calculate j(4).
-5
Let k be (-5)/((-5)/(-6)) - 40/(-10). Let y be ((-7)/k + -5)/((-9)/(-12)). Let s(j) = j**2 + j + 2. Give s(y).
4
Let j(v) = v**3 + 7*v**2 - v - 4. Let t be j(-7). Let b(y) = y**3 + 3*y + 6 - 7*y**2 + t*y - y. Calculate b(6).
0
Suppose -o - 13 = -2*s, -3*o - 1 - 2 = 0. Suppose 0*b - 7*b = -14. Let y(j) = 17*j**3 + 6*j**b - 10*j**3 - 4 - 8*j**3 + 9. Give y(s).
5
Let o = -15 + 35. Suppose o + 52 = 12*u. Let x(a) = a**2 - 7*a + 9. What is x(u)?
3
Let q(h) = -3*h + 5. Let u(t) = 5*t - 8. Let r(v) = -8*q(v) - 5*u(v). Calculate r(-9).
9
Suppose -5*l - 3 + 7 = 3*d, 2*d + l = -2. Let h(r) be the first derivative of -r**3/3 - r**2/2 + 2*r + 43. What is h(d)?
0
Let g(w) = 6*w**2 + 1 + 83*w - 45*w - 39*w. Let a = -3 - -4. What is g(a)?
6
Let d(p) = -38*p**3 - 13*p**2 - 8*p + 6. Let j(g) = -37*g**3 - 11*g**2 - 7*g + 5. Let z(r) = -6*d(r) + 7*j(r). Determine z(-1).
32
Let m(f) = -f**3 - 4*f**2 + 5*f - 6. Let x be (-4)/(-2) - (6 - 7). Suppose -x*d = l + 17, -2*l - 22 = 2*d - 4. Give m(l).
-6
Let k be (-10)/35 - 2/(-7). Let g(a) = -2*a**3 - 2 - 1 - a**3 + 2*a**3. Calculate g(k).
-3
Let b be (15/3)/((-8)/(-32)). Suppose 4*g - b = -q, -g + 10 = -2*q - 4. Let x(l) = -l**3 + 6*l**2 + l - 1. Determine x(g).
5
Let r(i) = -3*i**3 - 54*i**2 - 51*i + 30. Let b(v) = -2*v**3 - 36*v**2 - 34*v + 20. Let g(q) = 8*b(q) - 5*r(q). Calculate g(-17).
10
Suppose 3 = -33*j + 36*j. Let x(i) = 13*i**3 - 2*i**2 + 1. Calculate x(j).
12
Suppose -f = -6 + 4. Let m(t) = -3*t**2 + 5*t**3 - 10*t**f + 1 - 3*t - 4*t**2. Let y(x) = -x**3 + 4*x**2 + x. Let b(c) = -2*m(c) - 9*y(c). Calculate b(-2).
4
Let t be (-15)/(-1)*28/(-70). Let v(d) = -d**2 - 7*d - 16. Calculate v(t).
-10
Let k be (-50)/(-225) - (-88)/9. Let j(i) = -i**3 + 9*i**2 + 9*i + 11. Calculate j(k).
1
Let o(h) = h**2 - 3*h - 6*h + 5*h + 3*h + 2 - h. What is o(3)?
5
Let t(s) = -s**3 - 8*s**2 - 6*s. Suppose 2*o = -b + 4*o - 12, -4*b = -4*o + 40. Give t(b).
48
Suppose -13*i - 45*i = 0. Let u(y) be the third derivative of i + 1/24*y**4 + 12*y**2 - 2/3*y**3 + 0*y. Give u(4).
0
Let h(f) = 96*f**2 - 10*f - 287*f**2 - f**3 + 102*f**2 + 99*f**2 + 12*f - 9. Give h(10).
11
Let a(z) = -2*z - 1128*z**2 - z + 1127*z**2 - 7*z + 13 + z. Give a(-9).
13
Let n(a) be the third derivative of -a**6/720 + 7*a**5/60 - 11*a**4/24 + 15*a**2. Let y(t) be the second derivative of n(t). Calculate y(10).
4
Let t(z) be the first derivative of z**4/3 - z**3/6 + 7*z**2 - 30. Let q(y) be the second derivative of t(y). What is q(1)?
7
Let r(f) = f - 1. Let n(l) = 3*l. Suppose -72 = -4*h - 0*h. Let m = h - 22. Let t(k) = m*r(k) + n(k). Calculate t(0).
4
Let l be (-17)/((-17)/4) - (-1 + 1). Let m(s) = 8*s - 3. Calculate m(l).
29
Let q(c) be the second derivative of c**4/6 - 4*c**3/3 - 3*c**2/2 + 14*c + 3. Calculate q(4).
-3
Let d(u) be the second derivative of -u**3/3 - 5*u**2/2 - 97*u. Determine d(-6).
7
Suppose 4*f + 5*c + 8 = 0, -f + 5*c + 2 = 29. Let d(i) = i**3 + 8*i**2 + 10*i + 23. Give d(f).
2
Let g(c) = 9 + 13 - 3*c + 2*c - 40 + 14. Determine g(-12).
8
Let h(u) be the second derivative of u**3/6 - 117*u. Determine h(-2).
-2
Let q = -42 - -44. Suppose 36 = q*k + 10*k. Let j(f) = -3*f**2 + 5*f - 3. Calculate j(k).
-15
Suppose 3*b = 7*z - 4*z, -4*b = 4. Let m(a) = -4*a + 1. Let q be m(z). Let i(k) = -2*k - 6 + k + 13. Determine i(q).
2
Let o(f) = f**2 - 3. Let v(l) = -l**2 - 9*l - 10. Let a be v(-7). Suppose a*q + 8 + 4 = 0. What is o(q)?
6
Let t(i) be the second derivative of -i**3/2 - i**2/2 + 85*i. Determine t(5).
-16
Let m(f) = f**2 + 15*f - 3. Suppose 5*g + 79 = -3*i, -14*g + 10*g = -2*i + 50. Calculate m(g).
-17
Let j(t) = 2*t + 24. Let l(s) = -s. Let m(c) = j(c) + l(c). Let u be m(-18). Let v(b) = 4*b - 1 - b**2 - 1 + 0*b**2. Give v(u).
-14
Let k(j) = j**2 + 3*j - 4. Let t(b) = -b**3 - 2*b**2 + 4*b. Suppose -2*q - 10 = -4. Let u be t(q). Calculate k(u).
-4
Let p(n) be the second derivative of n**6/360 + n**4/24 + 5*n**3/3 + 9*n. Let h(b) be the second derivative of p(b). Determine h(1).
2
Let l(o) be the second derivative of -o**5/20 + o**3/6 - 7*o**2/2 - 87*o. Give l(0).
-7
Let n(l) be the first derivative of -l**5/60 - l**4/4 - 5*l**3/6 + 3*l**2/2 + 1. Let i(y) be the second derivative of n(y). Give i(-6).
-5
Let b(o) = o**3 + 7*o**2 + o - 6*o - 1 - 2*o**2. Let j(n) = -2*n**2 + 127*n + 58. Let u be j(64). Give b(u).
-7
Let t be (-6)/(-39) - (-132)/(-13). Let x = -14 + t. Let a = x + 17. Let g(l) = l**2 + 5*l - 8. Calculate g(a).
6
Let j(f) = f**3 - 7*f**2 - 3*f - 2. Suppose 0 = 4*q + 2*r - 26, 23 = 4*q + r + 4*r. What is j(q)?
-23
Let u(n) be the third derivative of -5*n**4/24 + n**3/2 + 25*n**2. Let m(q) = 15*q - 10. Let o(x) = 3*m(x) + 10*u(x). Determine o(1).
-5
Suppose -4 + 0 = -4*b + 4*l, -b - 1 = -3*l. Let i(n) = -6*n**b - 4*n - 5*n**2 - 1 + 5*n. What is i(1)?
-11
Let f be (-1 - (7/(-2) + 1))*-4. Let r(x) = -x**3 - 6*x**2 - 4. What is r(f)?
-4
Let f(v) = v + 3. Let l be 8*9*(-1)/(-12). Suppose -4*g + 12 = -l*g - 2*t, -3*g - 5*t = 16. What is f(g)?
-4
Let a(t) be the first derivative of t**2 - t + 17. Let w(y) = -y + 1. Let d(i) = 2*a(i) + 3*w(i). What is d(2)?
3
Let k(u) = -u**2 - 6*u - 7. Let h be k(-4). Let b(c) = 5 + h - 5 + c**2 - 3 - c. Let i(n) = n**3 + 2*n**2 - 2*n. Let o be i(-2). Give b(o).
10
Let v(r) = 2*r**2 + 4*r - 1. Let i(c) = 4*c**2 - 4*c + 3. Let b be i(3). Let y be (b/(-45))/((-2)/(-10)). Determine v(y).
5
Suppose 11 = -5*z + 31. Suppose -3*q + 14 = -2*p + 3, -33 = -z*p - 5*q. Let i(t) = t + 0 - p + 1 + 0. What is i(0)?
-1
Let c(i) = 9*i**2 - 2*i**2 - 6*i**2 - 24*i - 12 + 48. Let m be c(22). Let o(u) = u + 4. What is o(m)?
-4
Let s(n) = n**2 - 5*n - 8. Let b(i) = -4*i**2 + 45*i - 3. Let t be b(11). Give s(t).
16
Suppose 8*z - 4*g = 4*z - 8, -16 = 3*z - 5*g. Let m(u) = 2 - u**3 - 4 - z*u**2 + 0*u + u + 0*u. Let q be 12/3 + -11 - 16/(-4). Determine m(q).
-5
Let j(o) = -o - 2. Let d(g) = -g**2 - 7*g + 6. Let x be d(-8). Let q(c) = c + 7. Let f be q(x). Determine j(f).
-7
Suppose 10*q + 44 = 134. Let r(m) = -m**2 + 10*m - 10. What is r(q)?
-1
Let t(y) = -2*y + 23. Let p(b) = -b + 10. Let o(n) = -9*p(n)